 d(x) = -x**2 - 2*x + 18. Determine d(-10).
-62
Let v(q) = q - 15. Give v(18).
3
Let f(t) = -32*t**2. Give f(-1).
-32
Let w(f) = f**3 - 4*f**2 - 9*f + 7. Give w(6).
25
Let d(s) = s**3 + 5*s**2 - 8*s - 8. Give d(-6).
4
Let s(i) = -i**3 - 9*i**2 + 13*i + 40. Determine s(-10).
10
Let h(w) = w + 12. What is h(-12)?
0
Let h(d) = -6*d**2 + 13*d - 8. Determine h(5).
-93
Let x(o) = 7*o - 7. What is x(2)?
7
Let y(a) = a**3 - 7*a**2 - 9*a - 36. Determine y(9).
45
Let d(i) = 3*i**2 - 28*i - 2. Determine d(9).
-11
Let c(i) = -i**3 + 2*i**2 + i + 63. Give c(0).
63
Let r(j) = j**2 + 9*j - 4. Determine r(-8).
-12
Let b(c) = -23*c + 69. What is b(4)?
-23
Let j(v) = -v**2 - 11*v - 23. What is j(-9)?
-5
Let i(k) = k**2 - 36*k + 340. Calculate i(19).
17
Let p(x) = -x**3 + 5*x**2 + 5*x + 5. Calculate p(6).
-1
Let y(a) = -a**3 + 18*a - 7. Give y(-4).
-15
Let n(b) = -8*b**3 - b**2 + 2*b - 3. What is n(-2)?
53
Let q(d) = 3*d**2 - 161*d + 78. What is q(53)?
-28
Let g(m) = -m**3 - 33*m**2 - 9*m - 302. Give g(-33).
-5
Let v(r) = -2*r - 102. Determine v(-56).
10
Let q(o) = -6*o + 16. Determine q(-15).
106
Let w(p) = -5*p + 14. Calculate w(-6).
44
Let v(i) = 10*i**3 - 2*i + 1. Calculate v(1).
9
Let j(c) = c**2 + 12*c + 10. What is j(-11)?
-1
Let n(j) = -j**3 - 5*j**2 + 6*j + 3. Calculate n(-6).
3
Let l(v) = 4*v - 68. What is l(16)?
-4
Let m(w) = 10*w - 2. What is m(2)?
18
Let h(j) = -j**3 + 9*j**2 + 16*j - 17. What is h(10)?
43
Let w(q) = q**3 - 7*q**2 - 11*q + 15. Calculate w(8).
-9
Let d(q) = -2*q - 40. Calculate d(-25).
10
Let h(n) = 4*n**3 - n**2 - 9*n - 7. Give h(4).
197
Let v(b) = 2*b**3 - 14*b**2 + 26*b - 2. Determine v(2).
10
Let y(u) = -3*u**3 + 17*u**2 - 6*u - 7. Determine y(5).
13
Let f(t) = -t**3 + 28*t**2 - 24*t - 54. Calculate f(27).
27
Let g(o) = -o**3 - o - 3. Give g(-2).
7
Let c(w) = -w**3 - 19*w**2 + 9*w + 158. Determine c(-19).
-13
Let j(u) = -u**2 - 6*u - 13. What is j(-8)?
-29
Let d(n) = n**2 - 3*n. Calculate d(3).
0
Let b(l) = -2*l**3 + 2*l. Give b(-2).
12
Let u(c) = c**3 - 6*c**2 - 4*c + 8. Determine u(7).
29
Let c(f) = f**2 - 2*f - 5. What is c(-5)?
30
Let d(q) = -q**3 + 12*q**2 - 24*q + 34. Give d(7).
111
Let z(a) = a**2 - 17*a + 70. Give z(6).
4
Let l(d) = -6*d + 118. Determine l(17).
16
Let p(j) = j**2. Give p(-2).
4
Let i(j) = -j**3 + 3*j**2 - 2*j - 1. Give i(3).
-7
Let p(r) = r**3 - 25*r**2 - 2*r + 47. Calculate p(25).
-3
Let q(u) = -22*u**3 - 2*u**2 - 1. Determine q(-2).
167
Let z(j) = -2*j**2 + 4*j + 13. Calculate z(6).
-35
Let q(x) = -5*x**3 + 1. Determine q(1).
-4
Let c(i) = i**2 - 12*i - 40. Determine c(15).
5
Let c(h) = -h**3 + 35*h**2 - 65*h - 36. Determine c(33).
-3
Let d(y) = 2*y**2 + y + 3. Determine d(-2).
9
Let n(y) = y**2 - 4*y + 3. Give n(5).
8
Let p(i) = i**2 - 12*i + 17. Give p(9).
-10
Let q(j) = -j**2 - 11*j + 7. Calculate q(-11).
7
Let s(y) = -12*y**2 - 6*y + 6. Determine s(1).
-12
Let k(a) = -114*a - 697. Give k(-6).
-13
Let j(q) = -2*q**3 - 8*q**2 - 4*q + 5. Determine j(-4).
21
Let h(r) = -r**3 + 6*r**2 + 5*r + 10. Give h(7).
-4
Let y(n) = 2*n**3 + n**2 + 1. Calculate y(1).
4
Let j(i) = 2*i**2 + 6*i - 5. Determine j(-5).
15
Let b(i) = -i**3 - 2*i**2 - i + 46. Determine b(0).
46
Let o(s) = -s**2 + 8*s - 1. Calculate o(-7).
-106
Let f(b) = -14*b. Determine f(-1).
14
Let r(t) = -t**2 - 4*t - 3. Calculate r(-6).
-15
Let c(n) = 2*n**2 + 11*n - 5. Give c(-8).
35
Let j(d) = 65*d + 786. Calculate j(-12).
6
Let c(r) = 20*r**3 - r**2 + 2*r - 2. Calculate c(1).
19
Let g(s) = -5*s - 81. Determine g(-6).
-51
Let u(k) = -16*k + 11. Give u(-2).
43
Let j(l) = -25*l - 41. What is j(-2)?
9
Let f(r) = 46*r - 361. Give f(8).
7
Let f(h) = 10*h - 1. Calculate f(-3).
-31
Let c(k) = -k**2 + 16*k - 7. Give c(17).
-24
Let r(n) = -n**3 - 11*n**2 - n - 13. Give r(-11).
-2
Let m(i) = -i**3 - 15*i**2 - 13*i - 18. Give m(-14).
-32
Let l(d) = -d**2 + 19*d + 50. Calculate l(21).
8
Let n(x) = -84*x + 926. Calculate n(11).
2
Let a(l) = l**2 + 10*l - 3. What is a(-15)?
72
Let v(z) = 7*z**2 - 3*z. Give v(2).
22
Let s(c) = c**3 + 31*c**2 + 33*c + 91. Calculate s(-30).
1
Let j(w) = -2*w**2 - 33*w + 33. Give j(1).
-2
Let t(g) = -9*g - 73. Give t(-7).
-10
Let o(t) = -34*t**2 - t - 2. What is o(-1)?
-35
Let b(z) = -73*z - 7. Give b(-2).
139
Let m(x) = x**2 - 7*x + 8. What is m(7)?
8
Let t(n) = 4*n**3 + 4*n**2 + 8*n + 7. Calculate t(-2).
-25
Let n(b) = 13*b + 1061. Calculate n(-82).
-5
Let l(b) = b**3 - 8*b**2 + 2*b - 69. Give l(9).
30
Let j(b) = b**3 + 13*b**2 + 13*b - 18. Determine j(-12).
-30
Let w(r) = r**2 + 12*r + 2. Give w(-11).
-9
Let a(w) = -w**3 - 4*w**2 + 3*w - 1. What is a(-4)?
-13
Let l(t) = -t**2 - 10*t - 17. Give l(-7).
4
Let x(r) = -r**2 - 18*r. Calculate x(-16).
32
Let b(w) = -4*w**3 - w. Calculate b(1).
-5
Let r(d) = 35*d**3 + d**2 - 2*d + 1. What is r(1)?
35
Let n(b) = 9*b**2 - 2*b - 1. Give n(-1).
10
Let v(n) = -n**2 - 45*n - 136. Give v(-42).
-10
Let y(p) = -4*p**3 - 3*p**2 - 3*p + 5. Determine y(3).
-139
Let j(y) = -32*y. Give j(-1).
32
Let r(p) = 2*p**2 + 36*p + 14. Determine r(-17).
-20
Let b(g) = -g + 1. Determine b(-2).
3
Let m(d) = -8*d + 60. Determine m(6).
12
Let b(v) = -4*v + 8. Calculate b(3).
-4
Let c(q) = -q**2 - 3*q + 6. What is c(-5)?
-4
Let t(k) = -k**2 + 8*k - 7. What is t(6)?
5
Let i(n) = n**2 + 27*n + 74. Calculate i(-24).
2
Let o(i) = -i - 4. What is o(-3)?
-1
Let o(r) = -3*r**3 + 4*r - 3. Determine o(2).
-19
Let t(s) = -s**2 - 47*s - 306. What is t(-8)?
6
Let i(o) = -o**2 - 17*o + 126. Calculate i(-20).
66
Let x(s) = 5*s**2 + 221*s + 48. Determine x(-44).
4
Let g(u) = 8*u**2 + 4*u - 4. Give g(1).
8
Let u(d) = 24*d**2 + 2*d + 1. What is u(-1)?
23
Let u(v) = v**3 - 4*v**2 - 4*v - 5. Give u(5).
0
Let i(d) = -23*d**3 + d**2 - d + 1. Give i(1).
-22
Let g(c) = -3*c + 22. Calculate g(8).
-2
Let b(n) = -n**3 + 3*n**2 - 2*n + 1. Calculate b(1).
1
Let i(r) = -30*r - 76. Calculate i(-2).
-16
Let w(l) = l**2 + 17*l - 12. Give w(-15).
-42
Let t(j) = 4*j**2 + 31*j - 8. Give t(-8).
0
Let k(p) = -p**2 + 29*p - 24. Give k(28).
4
Let n(b) = -b**2 - 12*b - 7. Determine n(-11).
4
Let n(a) = -a**2 - 9*a - 16. Calculate n(-4).
4
Let c(h) = -h**3 - 4*h + 3. What is c(3)?
-36
Let q(i) = 6*i - 1. Give q(-2).
-13
Let y(o) = -o**3 + 2*o**2 + 33*o - 19. What is y(7)?
-33
Let x(i) = -i**3 + 7*i**2 + 9*i - 2. Calculate x(6).
88
Let n(v) = -v - 32. Calculate n(-14).
-18
Let g(p) = 5*p + 125. Give g(-27).
-10
Let h(q) = 32*q - 171. Give h(7).
53
Let o(n) = 4*n - 13. Determine o(5).
7
Let s(g) = -13*g - 33. Calculate s(-4).
19
Let z(a) = -a**2 + a + 38. Determine z(6).
8
Let x(p) = -9*p**3 + 2*p**2 - 3*p + 1. Calculate x(1).
-9
Let u(q) = q**2 + 2*q - 6. Determine u(-6).
18
Let f(u) = -3*u**2 + 66*u + 76. Determine f(23).
7
Let u(a) = a**2 - 3*a + 1. Determine u(2).
-1
Let l(j) = -23*j - 156. Give l(-7).
5
Let i(n) = n**3 - 8*n**2 - 13*n + 112. What is i(8)?
8
Let b(q) = 4*q**2 + 30*q + 12. Calculate b(-7).
-2
Let x(m) = -m**2 - 8*m + 8. Determine x(-8).
8
Let z(j) = -10*j - 7. What is z(-3)?
23
Let d(t) = t**2 + 2*t - 10. Calculate d(-4).
-2
Let r(b) = 2*b**3 - 6*b**2 + 3*b - 2. Determine r(3).
7
Let k(o) = -o**3 + 10*o**2 - 16*o - 7. Give k(7).
28
Let v(t) = t + 14. Calculate v(-20).
-6
Let v(u) = u**3 + 5*u**2 + 5*u. What is v(-5)?
-25
Let w(y) = y**2 - 7*y + 19. Determine w(8).
27
Let r(p) = -2*p - 7. Determine r(-5).
3
Let f(q) = -14*q**3 + 6*q**2 + 2*q - 5. Calculate f(1).
-11
Let q(v) = v**3 + 6*v**2 - 25*v - 22. Determine q(-10).
-172
Let c(l) = -10*l**3 + l**2 - 1. What is c(-1)?
10
Let i(h) = 24*h**3 - h. What is i(1)?
23
Let b(z) = 3*z**3 - 16*z**2 + 2*z + 9. What is b(5)?
-6
Let z(d) = -4*d**2 - 22*d - 8. Give z(-6).
-20
Let m(n) = n**2 - 17*n + 20. Calculate m(14).
-22
Let s(r) = -5*r + 11. What is s(12)?
-49
Let d(j) = j**3 - 15*j**2 + 8*j + 10. Calculate d(14).
-74
Let z(t) = -t**3 + 30*t**2 + 26*t + 42. Give z(31).
-113
Let g(t) = t**3 + 33. What is g(0)?
33
Let k(n) = -26*n**3 - 2*n**2 + 1. What is k(-1)?
25
Let d(u) = -7*u + 128. What is d(15)?
23
Let k(h) = -h**3 + 9*h**2 - 7*h - 8. What is k(7)?
41
Let v(z) = -z**3 - 9*z**2 + 3*z + 24. Calculate v(-9).
-3
Let o(d) = 2*d**3 - 25*d**2 - 15*d + 17. Calculate o(13).
-9
Let y(n) = -10*n + 103. Determine y(10).
3
Let d(f) = -f**2 + 16*f - 4. What is d(14)?
24
Let d(u) = -u**3 + 8*u**2 - 1